ts digit of s(b)?
6
Let c be 38/(-14) - ((-56)/(-49))/4. Let i be c/(0 - ((-11)/(-4) + -2)). Suppose -2*d - 47 = -b, 158 = i*b - 3*d + d. What is the tens digit of b?
3
Suppose 3*o + 3*i = 2476 - 502, 0 = -3*i + 9. Suppose p = 5*j - 5236, -3*j - o = 3*p - 3811. What is the hundreds digit of j?
0
Suppose 126 = -5*m + 36. What is the hundreds digit of (-6246)/(-27) - 12/m?
2
Let m(q) = 2*q**2 + 12*q + 24. What is the tens digit of m(-11)?
3
Suppose 0 = 4*z + 2*b - 14, 3 = -b + 2*b. Suppose 3*i - 3 = z*y - 4, i + 7 = 4*y. Suppose 2*q = -2*t - t + 88, -16 = -t + y*q. What is the units digit of t?
6
Suppose 22*u = -2*u + 7176. Let f = -213 + u. What is the tens digit of f?
8
Let v be (3*2/(-4))/(18/(-9528)). Suppose -264 = 10*z - v. What is the units digit of z?
3
Suppose 606*w + 60968 = 614*w. What is the thousands digit of w?
7
What is the thousands digit of (-156)/2652 - 43300/(-17)?
2
Let l = 20056 + 3141. What is the units digit of l?
7
Let d(p) be the first derivative of p**3 + 5*p**2 + 3*p + 10. Let r be d(-11). Suppose 8*h - 12*h = -r. What is the tens digit of h?
6
Let u(m) = m**3 - 24*m**2 + 40*m - 52. Let w be 5 + 1 + -10 - (-28 - -1). What is the units digit of u(w)?
9
What is the thousands digit of (-2)/(-4) + (12 - (-1965294)/36)?
4
What is the hundreds digit of 20/(-230) - (-1411509)/253?
5
Let a = -1846 + 2692. Let f = a - -242. What is the units digit of f?
8
Suppose -188 = 4*c + j, 2*c = -2*c + 4*j - 168. What is the hundreds digit of (c/(-3) - 5)*33?
3
Let j be 1*571*3*(-8)/8. Let z be (6 - j/9) + 1/(-3). What is the units digit of 42/(-4 - -2)*z/(-84)?
9
Suppose -5*s - 7430 = b + 145, 0 = 3*s - 2*b + 4558. Let t = s - -2178. What is the units digit of t?
2
Suppose -40160 = 11*k - 154879. What is the tens digit of k?
2
Let w = -48 + 49. What is the units digit of w*(1868/24)/(2/12)?
7
Let i(l) = -5*l**3 - 7*l**2 - 18*l - 22. Let u(b) = 18*b + 48. Let q be u(-3). What is the units digit of i(q)?
4
Let t = 271 + -128. Let m = t + 129. Suppose 82 = 6*q - m. What is the tens digit of q?
5
Let a(r) = -3*r**3 + r**2 + 33*r + 58. What is the tens digit of a(-12)?
9
Suppose -6*l + 10766 = l. Suppose -l = -3*c + 196. What is the hundreds digit of c?
5
What is the units digit of (-2)/(-10)*1 + 1021734/405?
3
Suppose -a - 4*c + 24908 = 0, -4*a + 8*a - 99557 = -c. What is the hundreds digit of a?
8
Suppose s = 4*y - 3*s - 24, -6 = -2*y + 5*s. Suppose 405 = y*u - 51. What is the tens digit of u?
5
Suppose -16*q + 27067 + 36725 = 0. What is the tens digit of q?
8
Let a be 8/3*(15/20 - 0). Suppose a*v = 28 - 38. What is the units digit of (-1)/(5/(-1105)) - v?
6
What is the tens digit of 102/(-136)*(-262256)/12?
9
What is the tens digit of 28/(-6)*23/(-92)*24954?
1
Let k(h) = 1028*h - 4698. What is the tens digit of k(12)?
3
Let o = 34443 + -12079. What is the units digit of o?
4
Let f be (24/20)/(52/60 - 1). Let b(i) = -2*i**3 - 11*i**2 + 18*i - 18. What is the tens digit of b(f)?
8
Let q(d) = d**3 - 7*d**2 + 5*d + 8. Let t be q(6). Suppose 3*h = 3*p - 2*p + 211, -p = 5*h - 357. Let s = t + h. What is the tens digit of s?
7
Let p(q) = 8*q**2 - 3*q - 4. Suppose -3*a - 14 = b - 5*b, b = 4*a - 3. Suppose -5*w + b*f = 2*f + 4, 4*w = 2*f - 4. What is the units digit of p(w)?
4
Suppose -959 - 445 = -x - r, -2810 = -2*x - 3*r. Let j = -792 + x. Let d = -436 + j. What is the units digit of d?
4
Suppose -312*w + 335*w = 221283. What is the tens digit of w?
2
What is the thousands digit of (-175070)/(-1708)*664/5?
3
Let a = -124 + 127. Suppose -3*n + 3232 = 5*q - q, -a*q = -n - 2424. What is the tens digit of q?
0
Let b = 823 + 8730. What is the tens digit of b?
5
Let s = 10677 - -13567. What is the thousands digit of s?
4
Let s(k) = 69*k**3 + 7*k**2 - k - 38. Let h be s(5). Suppose 11*t - h - 10581 = 0. What is the thousands digit of t?
1
Let w(h) = 10*h + 103. Let k be w(-9). Suppose -k*x = -16*x + 2535. What is the units digit of x?
5
Suppose 0 = 5*p + b - 175534, 4*p = 3*b + 41647 + 98765. What is the ten thousands digit of p?
3
Let m(t) = 79*t**3 - 3*t**2 - 63*t + 281. What is the tens digit of m(4)?
3
Let u(f) = 35*f**3 + 78*f**2 - f + 12. What is the hundreds digit of u(5)?
3
Suppose -178*z = -20*z + 253684 - 2141626. What is the tens digit of z?
4
Let o be (544/48 - -4)*(3 + 0). Suppose -o*j + 45*j + 472 = 0. What is the tens digit of j?
7
Let s(x) = 24*x**2 + 10*x - 2. Let d(r) = r**2 + 28*r + 6. Let o be d(-28). What is the tens digit of s(o)?
2
Suppose -5*x = 4*q - 1205, 0 = -5*q + 3*x + 137 + 1360. What is the units digit of q/(-48)*(-136)/2?
5
Suppose -3*i + 50*s - 51*s + 6238 = 0, 2*s = -i + 2086. What is the thousands digit of i?
2
Suppose -937*g + 4*y = -942*g + 120000, -5*y - 72000 = -3*g. What is the hundreds digit of g?
0
Let q(l) be the third derivative of 83*l**5/10 + 5*l**4/12 + 3*l**3/2 - 39*l**2. What is the tens digit of q(-1)?
9
Let y(l) = -66*l + 16. Suppose 33*m + 299 = 10*m. What is the hundreds digit of y(m)?
8
Let x(g) = -g**3 - 5*g**2 + g + 7. Let j be x(-5). Let r(k) = 5*k - 248 + 2*k + 9*k**j + k**3 + 260 - 3*k. What is the units digit of r(-6)?
6
Suppose -2*q = -6, 0*c + 2*q + 4 = c. Let w(m) = 177*m**3 + 11*m**2 - m. Let p be w(2). Suppose c*i - 642 - p = 0. What is the tens digit of i?
1
Suppose -52 = 3*f - 16. Let b(j) = -23*j + 39. Let w be b(f). Suppose -5*q + 275 = -0*r + 4*r, 3*q = 4*r - w. What is the units digit of r?
5
Suppose 305*n - 315177 = -300*n + 574*n. What is the tens digit of n?
6
Let s(u) = u**3 - 39*u**2 - 71*u - 100. Let j be s(45). Suppose -5*f = -5*h + j, -4*h - 4*f - 896 = -8020. What is the thousands digit of h?
1
Let q = 372 + -125. Suppose -1433 - q = -14*m. What is the units digit of m?
0
Let f(m) = 13*m - 40. Let t(p) = 7*p - 20. Let i(q) = -6*f(q) + 11*t(q). Let k be i(14). Let s(u) = 13*u - 21. What is the units digit of s(k)?
7
Suppose 2*h = 3*j + 10791, h + 2876 = -j + 8264. What is the units digit of h?
1
Let c(b) = -2*b**2 - 14*b - 12. Let y be c(-6). Suppose -11*w + 6*w + 385 = y. What is the units digit of w?
7
Let n(f) = -f + 31. Let w be n(18). Suppose -1049 = -w*h + 1681. Suppose o = h - 6. What is the tens digit of o?
0
Suppose 127*f + 84290 = 128*f + b, 3*b = -4*f + 337155. What is the thousands digit of f?
4
What is the hundreds digit of (-45)/(-27) - (-46351)/3?
4
Suppose -3*k + 5*j = 10 + 13, 4*k = -3*j + 8. Let q = k - -154. Suppose -12*w = -9*w - q. What is the units digit of w?
1
What is the tens digit of (44/220)/(4/209320)?
6
Let y(o) = o**2 - 2*o + 161. Suppose f - 5*u - 21 = 5, -2*u = 5*f - 76. Suppose -s = 4*q - 4, -2*q - s - 3*s + f = 0. What is the units digit of y(q)?
1
Let h(b) = -b**3 - 17*b**2 - 2*b + 9. Let r(u) = u**3 + u**2 - 1. Let z(j) = -h(j) - 2*r(j). What is the units digit of z(13)?
7
What is the ten thousands digit of 34402 + 20*(-1)/(-10)*(-10)/(-4)?
3
Let x(m) = -15*m + 99. Let i be (2*1/3)/((-32)/2400). What is the hundreds digit of x(i)?
8
Let d = 970 + 11863. What is the tens digit of d?
3
Let p = 61 + -8. Suppose -19096 = p*n - 67*n. What is the thousands digit of n?
1
Let b = -29 + 35. Let m be (-28)/42 + 220/b. What is the units digit of 6/8 + -3*(-159)/m?
4
Let l be ((-72)/(-16))/9 - 54/4. Let z(m) = -m**2 - 39*m - 35. What is the units digit of z(l)?
3
Let j be (-2)/(6/(-163)) - 250/(-375). What is the units digit of 6/33 - (-7 - 26170/j)?
3
Let j(t) be the first derivative of 19*t**2/2 - 238*t + 62. What is the tens digit of j(22)?
8
Let r(w) = -w**3 + 147*w**2 - 76*w + 380. What is the ten thousands digit of r(144)?
5
What is the tens digit of ((-702)/15)/(4/(-1590)) + 0?
0
Let g be (-2 - -15) + (-7 - -6). What is the units digit of 1290/(-40)*g/(-1) + -4?
3
Let c = -1826 - -3663. Suppose -m + c = 10*m. What is the units digit of m?
7
Suppose -23791 - 12656 = -3*i. What is the units digit of i?
9
Suppose 0 = 2*v - 2*t - 858, 3*t = -0*v + 2*v - 853. What is the units digit of v/12 - 85/(-102)?
7
Let g(f) = -338*f + 28. Let u be 1/(-2) - ((-1)/2 - -4). What is the tens digit of g(u)?
8
Let w = -9363 + 20131. What is the thousands digit of w?
0
What is the units digit of 5 + (-297)/(-11) - 2?
0
Suppose -44 = -7*p - 16. Suppose -5*w - a = -105, p*w + 3*a - 6 = 78. What is the tens digit of w?
2
Suppose 152*d + 172*d - 6227604 = 0. What i